s digit of 2302868?
2
What is the units digit of 242876?
6
What is the hundreds digit of 336380?
3
What is the tens digit of 298791?
9
What is the thousands digit of 138355?
8
What is the hundreds digit of 599410?
4
What is the hundreds digit of 102038?
0
What is the thousands digit of 31489470?
9
What is the millions digit of 2608224?
2
What is the tens digit of 5576150?
5
What is the hundreds digit of 5167156?
1
What is the tens digit of 500438?
3
What is the ten thousands digit of 1349181?
4
What is the ten thousands digit of 1750433?
5
What is the ten thousands digit of 22675?
2
What is the thousands digit of 167882?
7
What is the hundred thousands digit of 3362963?
3
What is the ten thousands digit of 41047?
4
What is the units digit of 916445?
5
What is the thousands digit of 1351618?
1
What is the units digit of 1297859?
9
What is the units digit of 720527?
7
What is the units digit of 28159589?
9
What is the thousands digit of 25544851?
4
What is the units digit of 454305?
5
What is the tens digit of 10153111?
1
What is the ten thousands digit of 21406931?
0
What is the units digit of 98269?
9
What is the tens digit of 133331?
3
What is the ten millions digit of 20295711?
2
What is the thousands digit of 4982347?
2
What is the ten thousands digit of 2661097?
6
What is the ten thousands digit of 1606424?
0
What is the ten millions digit of 17701421?
1
What is the tens digit of 1293444?
4
What is the ten thousands digit of 276431?
7
What is the tens digit of 6309449?
4
What is the thousands digit of 703109?
3
What is the ten thousands digit of 7751009?
5
What is the hundreds digit of 31609?
6
What is the hundreds digit of 2415654?
6
What is the units digit of 819803?
3
What is the hundreds digit of 6409308?
3
What is the thousands digit of 1908460?
8
What is the tens digit of 238777?
7
What is the hundreds digit of 22957581?
5
What is the units digit of 64864?
4
What is the hundreds digit of 114522?
5
What is the hundred thousands digit of 744145?
7
What is the hundred thousands digit of 1463207?
4
What is the tens digit of 268165?
6
What is the ten thousands digit of 17180630?
8
What is the millions digit of 18150069?
8
What is the ten thousands digit of 544983?
4
What is the units digit of 69759?
9
What is the tens digit of 4130775?
7
What is the ten thousands digit of 4202549?
0
What is the hundred thousands digit of 25519188?
5
What is the thousands digit of 23440955?
0
What is the units digit of 379122?
2
What is the ten millions digit of 17728670?
1
What is the thousands digit of 979979?
9
What is the thousands digit of 400684?
0
What is the tens digit of 1907951?
5
What is the thousands digit of 1874930?
4
What is the tens digit of 3925331?
3
What is the hundreds digit of 7483547?
5
What is the units digit of 8652258?
8
What is the units digit of 8779423?
3
What is the units digit of 532908?
8
What is the ten millions digit of 32536235?
3
What is the hundreds digit of 672233?
2
What is the hundreds digit of 2548340?
3
What is the thousands digit of 17939056?
9
What is the hundred thousands digit of 29988369?
9
What is the millions digit of 2308353?
2
What is the hundreds digit of 23068852?
8
What is the units digit of 173304?
4
What is the thousands digit of 9420542?
0
What is the thousands digit of 207515?
7
What is the ten thousands digit of 5741458?
4
What is the hundreds digit of 231372?
3
What is the hundreds digit of 209419?
4
What is the hundreds digit of 14527087?
0
What is the units digit of 11470748?
8
What is the thousands digit of 56649?
6
What is the ten thousands digit of 1340286?
4
What is the thousands digit of 811316?
1
What is the millions digit of 2152612?
2
What is the ten thousands digit of 5845840?
4
What is the ten thousands digit of 31097?
3
What is the thousands digit of 180132?
0
What is the ten thousands digit of 3236689?
3
What is the hundreds digit of 15389338?
3
What is the hundred thousands digit of 14101289?
1
What is the tens digit of 2194409?
0
What is the ten thousands digit of 401922?
0
What is the ten thousands digit of 4690857?
9
What is the tens digit of 7100805?
0
What is the thousands digit of 410262?
0
What is the tens digit of 44896?
9
What is the ten thousands digit of 273236?
7
What is the millions digit of 1333118?
1
What is the hundreds digit of 1262820?
8
What is the units digit of 153279?
9
What is the millions digit of 1526854?
1
What is the tens digit of 353194?
9
What is the hundred thousands digit of 1713474?
7
What is the ten thousands digit of 408372?
0
What is the ten thousands digit of 64653?
6
What is the hundreds digit of 289887?
8
What is the hundreds digit of 794291?
2
What is the tens digit of 43998?
9
What is the ten thousands digit of 458564?
5
What is the units digit of 79721?
1
What is the thousands digit of 95201?
5
What is the hundred thousands digit of 7300273?
3
What is the tens digit of 810103?
0
What is the millions digit of 14159124?
4
What is the hundred thousands digit of 2723513?
7
What is the tens digit of 86367?
6
What is the tens digit of 117256?
5
What is the units digit of 9553758?
8
What is the thousands digit of 394564?
4
What is the ten thousands digit of 117498?
1
What is the thousands digit of 7152434?
2
What is the thousands digit of 255171?
5
What is the units digit of 668948?
8
What is the ten thousands digit of 18823654?
2
What is the ten thousands digit of 325299?
2
What is the ten thousands digit of 1809804?
0
What is the hundred thousands digit of 118286?
1
What is the hundreds digit of 3653566?
5
What is the hundred thousands digit of 641129?
6
What is the hundreds digit of 727043?
0
What is the hundreds digit of 7462295?
2
What is the units digit of 615455?
5
What is the hundred thousands digit of 5879492?
8
What is the ten thousands digit of 658432?
5
What is the hundred thousands digit of 1182250?
1
What is the units digit of 3020299?
9
What is the tens digit of 815968?
6
What is the hundreds digit of 14811633?
6
What is the units digit of 3197628?
8
What is the ten thousands digit of 7602946?
0
What is the ten thousands digit of 170311?
7
What is the hundred thousands digit of 2175772?
1
What is the ten thousands digit of 182647?
8
What is the hundred thousands digit of 6009594?
0
What is the tens digit of 7039314?
1
What is the thousands digit of 116355?
6
What is the hundreds digit of 12820398?
3
What is the tens digit of 1188682?
8
What is the hundred thousands digit of 4966729?
9
What is the hundred thousands digit of 135811?
1
What is the ten thousands digit of 136239?
3
What is the units digit of 34338480?
0
What is the thousands digit of 4388?
4
What is the thousands digit of 223412?
3
What is the thousands digit of 404400?
4
What is the hundreds digit of 12006219?
2
What is the thousands digit of 9662001?
2
What is the hundred thousands digit of 1215161?
2
What is the millions digit of 2406867?
2
What is the ten thousands digit of 6043904?
4
What is the ten thousands digit of 1386393?
8
What is the tens digit of 324997?
9
What is the millions digit of 8965859?
8
What is the units digit of 660263?
3
What is the hundred thousands digit of 5430856?
4
What is the ten thousands digit of 5710216?
1
What is the ten thousands digit of 1365262?
6
What is the ten thousands digit of 182461?
8
What is the units digit of 525752?
2
What is the hundred thousands digit of 13273819?
2
What is the tens digit of 3235006?
0
What is the ten millions digit of 20736217?
2
What is the hundred thousands digit of 11435038?
4
What is the ten thousands digit of 78265?
7
What is the hundreds digit of 321368?
3
What is the thousands digit of 6262107?
2
What is the thousands digit of 1562132?
2
What is the hundreds digit of 167164?
1
What is the tens digit of 1361685?
8
What is the tens digit of 6860640?
4
What is the hundreds digit of 20880?
8
What is the hundreds digit of 5401329?
3
What is the hundred thousands digit of 2198058?
1
What is the ten thousands digit of 103561?
0
What is the hundred thousands digit of 874493?
8
What is the hundreds digit of 526775?
7
What is the ten thousands digit of 480239?
8
What is the hundreds digit of 1788148?
1
What is the hundreds digit of 126297?
2
What is the units digit of 957044?
4
What is the tens digit of 1